 divide 3950?
True
Is 10385 a multiple of 141?
False
Is 7997 a multiple of 153?
False
Is 4001 a multiple of 38?
False
Is 1848 a multiple of 24?
True
Is 24 a factor of 96?
True
Is 120 a multiple of 10?
True
Does 30 divide 615?
False
Is 1794 a multiple of 23?
True
Is 5636 a multiple of 19?
False
Is 156 a multiple of 6?
True
Is 2550 a multiple of 50?
True
Does 5 divide 1917?
False
Is 3 a factor of 550?
False
Does 23 divide 673?
False
Is 1870 a multiple of 34?
True
Is 50572 a multiple of 269?
True
Does 60 divide 2100?
True
Does 7 divide 3294?
False
Is 2943 a multiple of 109?
True
Is 1033 a multiple of 3?
False
Does 14 divide 6711?
False
Is 20874 a multiple of 71?
True
Is 316 a factor of 14220?
True
Is 14 a factor of 1572?
False
Is 5984 a multiple of 32?
True
Is 1931 a multiple of 7?
False
Is 145 a multiple of 2?
False
Is 51 a factor of 2805?
True
Does 145 divide 59740?
True
Is 910 a multiple of 65?
True
Is 34 a factor of 3094?
True
Does 191 divide 10156?
False
Is 5872 a multiple of 72?
False
Is 4897 a multiple of 8?
False
Is 42987 a multiple of 267?
True
Does 36 divide 818?
False
Is 20 a factor of 380?
True
Is 25 a factor of 76651?
False
Does 108 divide 9847?
False
Does 38 divide 24360?
False
Is 3201 a multiple of 97?
True
Does 32 divide 22400?
True
Is 2342 even?
True
Is 20 a factor of 93420?
True
Is 2940 a multiple of 60?
True
Does 15 divide 1474?
False
Does 13 divide 8905?
True
Is 109 a factor of 5014?
True
Is 14 a factor of 1078?
True
Is 5951 a multiple of 11?
True
Is 16256 a multiple of 64?
True
Is 3084 a multiple of 12?
True
Does 49 divide 7791?
True
Is 91 a factor of 8554?
True
Is 2025 a multiple of 27?
True
Does 18 divide 2172?
False
Is 20297 a multiple of 9?
False
Is 40 a factor of 27022?
False
Does 29 divide 1479?
True
Is 7 a factor of 3777?
False
Does 12 divide 16716?
True
Is 7803 a multiple of 16?
False
Is 78 even?
True
Does 19 divide 1501?
True
Is 16 a factor of 560?
True
Is 2 a factor of 152?
True
Does 20 divide 18980?
True
Is 67 a factor of 1473?
False
Does 10 divide 4373?
False
Does 34 divide 759?
False
Is 3107 a multiple of 3?
False
Is 2 a factor of 35?
False
Is 5570 a multiple of 48?
False
Is 27 a factor of 40453?
False
Is 2574 a multiple of 9?
True
Is 9 a factor of 68805?
True
Is 505 a multiple of 19?
False
Is 220 a multiple of 11?
True
Is 33 a factor of 166?
False
Is 32 a factor of 1036?
False
Does 20 divide 1420?
True
Is 17431 a multiple of 341?
False
Is 20 a factor of 2187?
False
Does 22 divide 792?
True
Does 23 divide 217?
False
Is 85925 a multiple of 30?
False
Is 4428 a multiple of 8?
False
Is 168 even?
True
Is 159 a multiple of 24?
False
Does 29 divide 37463?
False
Is 8 a factor of 1776?
True
Does 16 divide 12939?
False
Is 325 a factor of 36400?
True
Does 89 divide 3566?
False
Is 18 a factor of 15835?
False
Is 22950 a multiple of 18?
True
Is 2 a factor of 2694?
True
Does 83 divide 415?
True
Is 44406 a multiple of 6?
True
Is 46 a factor of 258?
False
Is 45600 a multiple of 25?
True
Does 50 divide 5600?
True
Does 7 divide 637?
True
Is 2083 a multiple of 90?
False
Is 110314 a multiple of 81?
False
Does 49 divide 22130?
False
Is 110 a factor of 5086?
False
Is 5 a factor of 5094?
False
Is 6 a factor of 18210?
True
Is 6 a factor of 1032?
True
Does 8 divide 3757?
False
Does 3 divide 255?
True
Is 59 a factor of 2655?
True
Does 26 divide 769?
False
Is 42 a factor of 1008?
True
Is 14 a factor of 548?
False
Does 69 divide 4982?
False
Does 88 divide 3256?
True
Is 91 a factor of 20111?
True
Does 82 divide 3306?
False
Does 2 divide 9781?
False
Does 91 divide 7860?
False
Is 36546 a multiple of 122?
False
Is 188 a multiple of 27?
False
Does 13 divide 1823?
False
Is 3864 a multiple of 24?
True
Is 395 a multiple of 6?
False
Does 14 divide 18564?
True
Does 7 divide 3627?
False
Does 8 divide 32?
True
Does 7 divide 119?
True
Is 11 a factor of 295?
False
Is 21338 a multiple of 22?
False
Is 5086 a multiple of 31?
False
Is 34 a factor of 4420?
True
Does 147 divide 111279?
True
Is 902 a multiple of 19?
False
Is 320 a multiple of 20?
True
Does 5 divide 2361?
False
Is 5 a factor of 17274?
False
Does 3 divide 1838?
False
Is 7 a factor of 28?
True
Does 139 divide 4309?
True
Does 20 divide 11542?
False
Is 4720 a multiple of 8?
True
Is 33376 a multiple of 16?
True
Is 3736 a multiple of 15?
False
Is 7 a factor of 34699?
True
Does 35 divide 8004?
False
Is 9 a factor of 135?
True
Is 171 a multiple of 3?
True
Does 17 divide 12070?
True
Does 93 divide 18507?
True
Does 13 divide 27144?
True
Is 86297 a multiple of 8?
False
Is 31 a factor of 6417?
True
Is 71536 a multiple of 263?
True
Is 11 a multiple of 2?
False
Does 109 divide 1853?
True
Is 24 a factor of 91?
False
Is 8 a factor of 32?
True
Is 1646 a multiple of 8?
False
Is 103066 a multiple of 58?
True
Is 55512 a multiple of 216?
True
Does 70 divide 35140?
True
Is 715 a multiple of 14?
False
Is 42 a factor of 7601?
False
Is 423 a multiple of 3?
True
Is 82 a factor of 574?
True
Is 79089 a multiple of 19?
False
Is 258 a multiple of 45?
False
Does 63 divide 1691?
False
Is 15 a multiple of 3?
True
Is 71432 a multiple of 54?
False
Is 50 a factor of 56800?
True
Is 62 a factor of 186?
True
Is 858 a multiple of 39?
True
Is 184 a multiple of 8?
True
Is 51 a multiple of 51?
True
Is 24 a factor of 467?
False
Does 125 divide 21439?
False
Is 7557 a multiple of 33?
True
Does 12 divide 10506?
False
Is 20 a factor of 1165?
False
Is 602 a multiple of 43?
True
Does 6 divide 420?
True
Does 6 divide 957?
False
Is 103 a factor of 13811?
False
Is 7769 a multiple of 18?
False
Is 105391 a multiple of 11?
True
Is 14 a factor of 5376?
True
Does 21 divide 693?
True
Does 29 divide 675?
False
Is 39 a factor of 637?
False
Does 27 divide 176?
False
Does 9 divide 84924?
True
Does 33 divide 10692?
True
Is 528 a multiple of 24?
True
Does 17 divide 1500?
False
Is 223 a multiple of 4?
False
Is 21 a factor of 23850?
False
Is 495 a multiple of 45?
True
Does 45 divide 35595?
True
Is 33 a factor of 4446?
False
Is 1314 a multiple of 3?
True
Does 9 divide 8622?
True
Does 3 divide 13998?
True
Is 41 a factor of 7799?
False
Is 2 a factor of 125?
False
Does 57 divide 2166?
True
Is 50 a factor of 5050?
True
Is 34096 a multiple of 96?
False
Is 66 a factor of 2244?
True
Is 144 a multiple of 16?
True
Does 13 divide 167?
False
Is 5 even?
False
Is 16922 a multiple of 107?
False
Does 2 divide 44?
True
Does 17 divide 696?
False
Is 24 a factor of 782?
False
Is 1170 a multiple of 18?
True
Does 126 divide 4805?
False
Is 6169 a multiple of 199?
True
Does 32 divide 118?
False
Is 16885 a multiple of 21?
False
Is 2700 a multiple of 18?
True
Is 97 a factor of 6984?
True
Is 16159 a multiple of 32?
False
Is 428 a multiple of 31?
False
Does 5 divide 625?
True
Is 160 a factor of 60640?
True
Is 111635 a multiple of 11?
False
Is 2199 a multiple of 81?
False
Is 11 a factor of 41217?
True
Is 170 a multiple of 34?
True
Is 22 a factor of 16282?
False
Does 160 divide 36480?
True
Is 27 a factor of 164?
False
Is 9 a factor of 34?
False
Is 314 even?
True
Does 2 divide 128?
True
Is 114062 a multiple of 214?
True
Is 23 a factor of 11569?
True
Is 21 a multiple of 2?
False
Does 20 divide 400?
True
Is 17114 a multiple of 23?
False
Is 3444 a multiple of 82?
True
Is 31 a factor of 4078?
False
Is 40 a factor of 1560?
True
Is 17896 a multiple of 38?
False
Is 9 a factor of 2380?
False
Is 15 a factor of 2580?
True
Is 6687 a multiple of 18?
False
Is 25 a factor of 36956?
False
Is 38 a factor of 11818?
True
Is 12 a factor of 936?
True
Is 138 a factor of 20478?
False
Does 11 divide 441?
False
Is 1819 a multiple of 17?
True
Is 2430 a multiple of 41?
False
Is 8440 a multiple of 48?
False
Is 85 a factor of 4154?
False
Is 198 a multiple of 15?
False
Does 5 divide 2007?
False
Is 98 a multiple of 49?
True
Is 36120 a multiple of 108?
False
Does 148 divide 61046?
False
Does 11 divide 4246?
True
Is 646 a multiple of 17?
True
Is 100423 a multiple of 18?
False
Does 61 divide 9089?
True
Is 30 a multiple of 7?
False
Does 7 divide 576?
False
Does 39 divide 39?
True
Is 4 a factor of 417?
False
Does 20 divide 32706?
False
Does 25 divide 6814?
False
Is 15 a factor of 5565?
True
Is 96 a factor of 2112?
True
Is 11 a factor of 4422?
True
Does 265 divide 108120?
True
Does 31 divide 2480?
True
Does 98 divide 8330?